{"id":2599,"date":"2022-03-15T10:40:42","date_gmt":"2022-03-15T13:40:42","guid":{"rendered":"https:\/\/ispef-cat.infd.edu.ar\/sitio\/?page_id=2599"},"modified":"2023-02-09T13:02:10","modified_gmt":"2023-02-09T16:02:10","slug":"siu-guarani","status":"publish","type":"page","link":"https:\/\/ispef-cat.infd.edu.ar\/sitio\/siu-guarani\/","title":{"rendered":"SIU-GUARAN\u00cd"},"content":{"rendered":"\n<figure class=\"wp-block-image size-large\"><img decoding=\"async\" loading=\"lazy\" width=\"1640\" height=\"300\" src=\"https:\/\/ispef-cat.infd.edu.ar\/sitio\/wp-content\/uploads\/2022\/03\/Instituto-Superior-de-Efucacion-Fisica-1640-\u00d7-300-px-3-2.png\" alt=\"\" class=\"wp-image-2568\" srcset=\"https:\/\/ispef-cat.infd.edu.ar\/sitio\/wp-content\/uploads\/2022\/03\/Instituto-Superior-de-Efucacion-Fisica-1640-\u00d7-300-px-3-2.png 1640w, https:\/\/ispef-cat.infd.edu.ar\/sitio\/wp-content\/uploads\/2022\/03\/Instituto-Superior-de-Efucacion-Fisica-1640-\u00d7-300-px-3-2-1000x183.png 1000w, https:\/\/ispef-cat.infd.edu.ar\/sitio\/wp-content\/uploads\/2022\/03\/Instituto-Superior-de-Efucacion-Fisica-1640-\u00d7-300-px-3-2-768x140.png 768w, https:\/\/ispef-cat.infd.edu.ar\/sitio\/wp-content\/uploads\/2022\/03\/Instituto-Superior-de-Efucacion-Fisica-1640-\u00d7-300-px-3-2-1536x281.png 1536w\" sizes=\"(max-width: 1640px) 100vw, 1640px\" \/><\/figure>\n\n\n\n<div class=\"wp-block-cover\" style=\"min-height:330px\"><span aria-hidden=\"true\" class=\"wp-block-cover__background has-background-dim\"><\/span><img decoding=\"async\" loading=\"lazy\" width=\"626\" height=\"417\" class=\"wp-block-cover__image-background wp-image-2866\" alt=\"\" src=\"https:\/\/ispef-cat.infd.edu.ar\/sitio\/wp-content\/uploads\/2022\/03\/6.jpg\" style=\"object-position:59% 83%\" data-object-fit=\"cover\" data-object-position=\"59% 83%\"\/><div class=\"wp-block-cover__inner-container\">\n<p class=\"has-text-align-left has-large-font-size\">SIU-GUARAN\u00cd <\/p>\n\n\n\n<p>M\u00d3DULO DE GESTI\u00d3N ACAD\u00c9MICA<\/p>\n<\/div><\/div>\n\n\n\n<p><br><strong>SIU<\/strong>&#8211;<strong>GUARAN\u00cd<\/strong>&nbsp;es un sistema de gesti\u00f3n acad\u00e9mica que registra y administra todas las actividades acad\u00e9micas de la Universidad y sus Facultades. Las siglas&nbsp;<strong>SIU<\/strong>&nbsp;significan Sistema de Informaci\u00f3n Universitaria y en ella el estudiante podr\u00e1 realizar diferentes tr\u00e1mites administrativos&nbsp;pudiendo as\u00ed brindar un registro de informaci\u00f3n sobre distintos aspectos de las trayectorias de los estudiantes.<br><\/p>\n\n\n<div class=\"wp-block-image\">\n<figure class=\"aligncenter size-large is-resized\"><a href=\"http:\/\/guarani.catamarca.edu.ar\/\"><img decoding=\"async\" loading=\"lazy\" src=\"https:\/\/ispef-cat.infd.edu.ar\/sitio\/wp-content\/uploads\/2022\/03\/logo_SIU.png\" alt=\"\" class=\"wp-image-2603\" width=\"443\" height=\"96\"\/><\/a><\/figure><\/div>\n\n\n<p class=\"has-text-align-center\"><br><br>Podr\u00e1s&nbsp;<strong>ingresar<\/strong>&nbsp;al sistema&nbsp;<strong>SIU<\/strong>&#8211;<strong>Guaran\u00ed<\/strong>&nbsp;a trav\u00e9s del siguiente bot\u00f3n. <br><\/p>\n\n\n\n<div class=\"wp-block-buttons alignwide is-horizontal is-content-justification-center is-layout-flex wp-container-1\">\n<div class=\"wp-block-button\"><a class=\"wp-block-button__link has-white-color has-text-color has-background wp-element-button\" href=\"http:\/\/guarani.catamarca.edu.ar\/\" style=\"border-radius:7px;background:linear-gradient(135deg,rgb(6,147,227) 39%,rgb(155,81,224) 100%)\" target=\"_blank\" rel=\"noreferrer noopener\">Ingresar a SIU<\/a><\/div>\n<\/div>\n\n\n\n<p><\/p>\n","protected":false},"excerpt":{"rendered":"<p>SIU&#8211;GUARAN\u00cd&nbsp;es un sistema de gesti\u00f3n acad\u00e9mica que registra y administra todas las actividades acad\u00e9micas de la Universidad y sus Facultades. Las siglas&nbsp;SIU&nbsp;significan Sistema de Informaci\u00f3n Universitaria y en ella el estudiante podr\u00e1 realizar diferentes tr\u00e1mites administrativos&nbsp;pudiendo as\u00ed brindar un registro de informaci\u00f3n sobre distintos aspectos de las trayectorias de los estudiantes. Podr\u00e1s&nbsp;ingresar&nbsp;al sistema&nbsp;SIU&#8211;Guaran\u00ed&nbsp;a trav\u00e9s del &#8230; <a title=\"SIU-GUARAN\u00cd\" class=\"read-more\" href=\"https:\/\/ispef-cat.infd.edu.ar\/sitio\/siu-guarani\/\" aria-label=\"More on SIU-GUARAN\u00cd\">[+]<\/a><\/p>\n","protected":false},"author":54,"featured_media":0,"parent":0,"menu_order":0,"comment_status":"closed","ping_status":"closed","template":"","meta":[],"acf":[],"_links":{"self":[{"href":"https:\/\/ispef-cat.infd.edu.ar\/sitio\/wp-json\/wp\/v2\/pages\/2599"}],"collection":[{"href":"https:\/\/ispef-cat.infd.edu.ar\/sitio\/wp-json\/wp\/v2\/pages"}],"about":[{"href":"https:\/\/ispef-cat.infd.edu.ar\/sitio\/wp-json\/wp\/v2\/types\/page"}],"author":[{"embeddable":true,"href":"https:\/\/ispef-cat.infd.edu.ar\/sitio\/wp-json\/wp\/v2\/users\/54"}],"replies":[{"embeddable":true,"href":"https:\/\/ispef-cat.infd.edu.ar\/sitio\/wp-json\/wp\/v2\/comments?post=2599"}],"version-history":[{"count":10,"href":"https:\/\/ispef-cat.infd.edu.ar\/sitio\/wp-json\/wp\/v2\/pages\/2599\/revisions"}],"predecessor-version":[{"id":4242,"href":"https:\/\/ispef-cat.infd.edu.ar\/sitio\/wp-json\/wp\/v2\/pages\/2599\/revisions\/4242"}],"wp:attachment":[{"href":"https:\/\/ispef-cat.infd.edu.ar\/sitio\/wp-json\/wp\/v2\/media?parent=2599"}],"curies":[{"name":"wp","href":"https:\/\/api.w.org\/{rel}","templated":true}]}}