{"id":3724,"date":"2022-07-07T16:44:23","date_gmt":"2022-07-07T19:44:23","guid":{"rendered":"https:\/\/ispef-cat.infd.edu.ar\/sitio\/?page_id=3724"},"modified":"2024-08-30T10:21:45","modified_gmt":"2024-08-30T13:21:45","slug":"ppc2022","status":"publish","type":"page","link":"https:\/\/ispef-cat.infd.edu.ar\/sitio\/ppc2022\/","title":{"rendered":"PPC 2022"},"content":{"rendered":"\n<figure class=\"wp-block-image size-large is-resized\"><a href=\"https:\/\/ispef-cat.infd.edu.ar\/sitio\/\"><img decoding=\"async\" loading=\"lazy\" src=\"https:\/\/ispef-cat.infd.edu.ar\/sitio\/wp-content\/uploads\/2022\/03\/Instituto-Superior-de-Efucacion-Fisica-1640-\u00d7-300-px-1.png\" alt=\"\" class=\"wp-image-2757\" width=\"1020\" height=\"186\" srcset=\"https:\/\/ispef-cat.infd.edu.ar\/sitio\/wp-content\/uploads\/2022\/03\/Instituto-Superior-de-Efucacion-Fisica-1640-\u00d7-300-px-1.png 1640w, https:\/\/ispef-cat.infd.edu.ar\/sitio\/wp-content\/uploads\/2022\/03\/Instituto-Superior-de-Efucacion-Fisica-1640-\u00d7-300-px-1-1000x183.png 1000w, https:\/\/ispef-cat.infd.edu.ar\/sitio\/wp-content\/uploads\/2022\/03\/Instituto-Superior-de-Efucacion-Fisica-1640-\u00d7-300-px-1-768x140.png 768w, https:\/\/ispef-cat.infd.edu.ar\/sitio\/wp-content\/uploads\/2022\/03\/Instituto-Superior-de-Efucacion-Fisica-1640-\u00d7-300-px-1-1536x281.png 1536w\" sizes=\"(max-width: 1020px) 100vw, 1020px\" \/><\/a><\/figure>\n\n\n\n<div class=\"wp-block-cover is-light\" style=\"min-height:368px\"><span aria-hidden=\"true\" class=\"wp-block-cover__background has-background-dim\"><\/span><img decoding=\"async\" loading=\"lazy\" width=\"906\" height=\"518\" class=\"wp-block-cover__image-background wp-image-3725\" alt=\"\" src=\"https:\/\/ispef-cat.infd.edu.ar\/sitio\/wp-content\/uploads\/2022\/07\/FONDO-PROYECTO.jpg\" style=\"object-position:44% 80%\" data-object-fit=\"cover\" data-object-position=\"44% 80%\" srcset=\"https:\/\/ispef-cat.infd.edu.ar\/sitio\/wp-content\/uploads\/2022\/07\/FONDO-PROYECTO.jpg 906w, https:\/\/ispef-cat.infd.edu.ar\/sitio\/wp-content\/uploads\/2022\/07\/FONDO-PROYECTO-768x439.jpg 768w\" sizes=\"(max-width: 906px) 100vw, 906px\" \/><div class=\"wp-block-cover__inner-container\">\n<p class=\"has-text-align-left has-base-3-color has-text-color has-large-font-size\"><strong>PROYECTOS DE PRODUCCI\u00d3N DE C\u00c1TEDRA<\/strong> 2022<\/p>\n<\/div><\/div>\n\n\n\n<p>En este espacio se podr\u00e1 encontrar los<strong> proyectos de producci\u00f3n de c\u00e1tedra<\/strong> <strong>2022 <\/strong>que se realizan desde la Comunidad ISEF.<br><\/p>\n\n\n\n<div class=\"wp-block-columns is-layout-flex wp-container-4\">\n<div class=\"wp-block-column is-layout-flow\" style=\"flex-basis:66.66%\"><div class=\"wp-block-image\">\n<figure class=\"alignright size-large\"><a href=\"https:\/\/ispef-cat.infd.edu.ar\/sitio\/wp-content\/uploads\/2022\/06\/FORMULARIO-PRYECTO-DE-EXTENSION-1.pdf\"><img decoding=\"async\" loading=\"lazy\" width=\"1640\" height=\"300\" src=\"https:\/\/ispef-cat.infd.edu.ar\/sitio\/wp-content\/uploads\/2022\/07\/Instituto-Superior-de-Efucacion-Fisica-1640-\u00d7-300-px-2.gif\" alt=\"\" class=\"wp-image-3745\"\/><\/a><\/figure><\/div><\/div>\n\n\n\n<div class=\"wp-block-column is-layout-flow\" style=\"flex-basis:33.33%\">\n<div class=\"wp-block-buttons is-layout-flex\">\n<div class=\"wp-block-button\"><a class=\"wp-block-button__link has-vivid-cyan-blue-to-vivid-purple-gradient-background has-background wp-element-button\" href=\"https:\/\/drive.google.com\/file\/d\/1z70-pUKdVRp7kDo_8xRLDjXn3FcEJ0Kj\/view?usp=sharing\"><strong>FORMULACI\u00d3N DE PROYECTOS DE EXTENSI\u00d3N<\/strong><\/a><\/div>\n\n\n\n<div class=\"wp-block-button\"><a class=\"wp-block-button__link has-vivid-cyan-blue-to-vivid-purple-gradient-background has-background wp-element-button\" href=\"https:\/\/docs.google.com\/document\/d\/1u5ZEPR5dg5aXF6lpKNraSfZCOPci9Rhp\/edit?usp=sharing&amp;ouid=112739399767646840012&amp;rtpof=true&amp;sd=true\"><strong>FORMATO DE EXPERIENCIAS DE EXPERIENCIAS PEDAG\u00d3GICAS<\/strong><\/a><\/div>\n<\/div>\n<\/div>\n<\/div>\n\n\n\n<h4 class=\"wp-block-heading\"><strong><mark style=\"background-color:rgba(0, 0, 0, 0)\" class=\"has-inline-color has-vivid-cyan-blue-color\"><strong>PROYECTOS DE PRODUCCI\u00d3N DE C\u00c1TEDRA<\/strong> 2022<\/mark><\/strong><\/h4>\n\n\n\n<ul>\n<li><a href=\"https:\/\/ispef-cat.infd.edu.ar\/sitio\/wp-content\/uploads\/2022\/07\/Informe-de-Proyecto-Extension-2022-Prof.-Monica-Salas.pdf\">Proyecto de Extensi\u00f3n-2022 &#8211; Prof Salas &#8211; Nivel Inicial<\/a><br><mark style=\"background-color:rgba(0, 0, 0, 0)\" class=\"has-inline-color has-cyan-bluish-gray-color\"><strong>\u201cNUEVAS MIRADAS A LA EDUCACI\u00d3N F\u00cdSICA\u201d<\/strong><\/mark><\/li>\n<\/ul>\n\n\n\n<ul>\n<li><a href=\"https:\/\/ispef-cat.infd.edu.ar\/sitio\/wp-content\/uploads\/2022\/08\/PROY-EXT-HOCKEY-4\u00b0-A-Y-B-ADRIANA-TORRES-1.docx\">Proyecto de Extensi\u00f3n-2022 &#8211; Prof Torres- Hockey<\/a><\/li>\n<\/ul>\n\n\n\n<ul>\n<li><a href=\"https:\/\/ispef-cat.infd.edu.ar\/sitio\/wp-content\/uploads\/2022\/08\/FORMULARIO-PRYECTO-DE-EXTENSION-especial-2022.docx\">Proyecto de Extensi\u00f3n-2022 &#8211;  Prof Nieva &#8211; Ed. F\u00edsica Adaptada <\/a><br><strong><mark style=\"background-color:rgba(0, 0, 0, 0)\" class=\"has-inline-color has-cyan-bluish-gray-color\">\u201cLa Sensibilizaci\u00f3n como punto de partida para la inclusi\u00f3n de PCD\u201d-Junio<\/mark><\/strong><\/li>\n<\/ul>\n\n\n\n<ul>\n<li><a href=\"https:\/\/ispef-cat.infd.edu.ar\/sitio\/wp-content\/uploads\/2022\/08\/PROYECTO-DE-EXTENSION-1\u00b0-C-1.docx\">Proyecto de Extensi\u00f3n-2022 &#8211; Prof Toloza, Daniel &#8211; Juego y Recreaci\u00f3n<\/a><br><strong><span class=\"has-inline-color has-cyan-bluish-gray-color\">\u201c<strong>Los juegos de relevos como medio de recreaci\u00f3n escolar\u201d<\/strong><\/span><\/strong><span class=\"has-inline-color has-cyan-bluish-gray-color\">&#8211; <strong>22\/09<\/strong><\/span><\/li>\n<\/ul>\n\n\n\n<ul>\n<li><a href=\"https:\/\/ispef-cat.infd.edu.ar\/sitio\/wp-content\/uploads\/2022\/09\/P.EXTENSION_SALAS_MONICA_SEPTIEMBRE-05.pdf\">Proyecto de Extensi\u00f3n-2022 &#8211; Prof Salas &#8211; Nivel Inicial<\/a><br><mark style=\"background-color:rgba(0, 0, 0, 0)\" class=\"has-inline-color has-cyan-bluish-gray-color\"><strong>TALLER DE <\/strong><\/mark><strong><mark style=\"background-color:rgba(0, 0, 0, 0)\" class=\"has-inline-color has-cyan-bluish-gray-color\">ELABORACI\u00d3N <\/mark><\/strong><mark style=\"background-color:rgba(0, 0, 0, 0)\" class=\"has-inline-color has-cyan-bluish-gray-color\"><strong>DE MATERIALES DID\u00c1CTICOS- 05\/09<\/strong><\/mark><\/li>\n<\/ul>\n\n\n\n<ul>\n<li><a href=\"https:\/\/ispef-cat.infd.edu.ar\/sitio\/wp-content\/uploads\/2022\/09\/P.EXTENSION_SALAS_MONICA_SEPTIEMBRE-09.pdf\">Proyecto de Extensi\u00f3n-2022 &#8211; Prof Salas &#8211; Nivel Secundario y \u00c1mbitos No Formales<\/a><br><strong><mark style=\"background-color:rgba(0, 0, 0, 0)\" class=\"has-inline-color has-cyan-bluish-gray-color\">EXPERIENCIAS DEPORTIVAS EN \u00c1MBITOS NO ESCOLARIZADOS: LA PR\u00c1CTICA DEL RUGBY FEMENINO- 09\/09<\/mark><\/strong><\/li>\n<\/ul>\n\n\n\n<ul>\n<li><a href=\"https:\/\/ispef-cat.infd.edu.ar\/sitio\/wp-content\/uploads\/2022\/09\/P.EXTENSION_SALAS_MONICA_SEPTIEMBRE-12.pdf\">Proyecto de Extensi\u00f3n-2022 &#8211; Prof Salas &#8211; Pr\u00e1ctica Docente y Residencia III Nivel Inicial y Primario<\/a><br><mark style=\"background-color:rgba(0, 0, 0, 0)\" class=\"has-inline-color has-cyan-bluish-gray-color\"><strong>LA EDUCACI\u00d3N F\u00cdSICA EN LA EDUCACI\u00d3N MATERNA<\/strong><\/mark><strong><mark style=\"background-color:rgba(0, 0, 0, 0)\" class=\"has-inline-color has-cyan-bluish-gray-color\">L- 12\/09<\/mark><\/strong><\/li>\n<\/ul>\n\n\n\n<ul>\n<li><a href=\"https:\/\/ispef-cat.infd.edu.ar\/sitio\/wp-content\/uploads\/2022\/09\/INTERCAMBIO-ACADEMICO-DEPORTIVO-Y-CULTURAL.-HOCKEY-TORRES.pdf\">Proyecto de Extensi\u00f3n-2022 &#8211; Prof Torres- Hockey<\/a><br><mark style=\"background-color:rgba(0, 0, 0, 0)\" class=\"has-inline-color has-cyan-bluish-gray-color\"><strong>INTERCAMBIO ACAD\u00c9MICO DEPORTIVO Y CULTURAL. HOCKEY- 18,19 y 20\/09<\/strong><\/mark><\/li>\n<\/ul>\n\n\n\n<ul>\n<li><a href=\"https:\/\/ispef-cat.infd.edu.ar\/sitio\/wp-content\/uploads\/2022\/09\/ENTRENAMIENTO-MARATON-ISEF-DR.-GARCIA.pdf\">Proyecto de Extensi\u00f3n-2022 &#8211; Dr.Garcia- Entrenamiento<br><\/a><strong><mark style=\"background-color:rgba(0, 0, 0, 0)\" class=\"has-inline-color has-cyan-bluish-gray-color\">Carrera Conmemoraci\u00f3n\u00a8 D\u00eda de la Educaci\u00f3n F\u00edsica\u00a8- 28\/10<\/mark><\/strong><br><\/li>\n\n\n\n<li><a href=\"https:\/\/ispef-cat.infd.edu.ar\/sitio\/wp-content\/uploads\/2022\/10\/proyecto_escuela_lavina.pdf\">Proyecto de Extensi\u00f3n-2022 &#8211; Mendoza Rivas, M. Gabriela- Pr\u00e1ctica Docente I<br><\/a>\u00ab<strong><mark style=\"background-color:rgba(0, 0, 0, 0)\" class=\"has-inline-color has-cyan-bluish-gray-color\">Educaci\u00f3n F\u00edsica en la ruralidad\u201d- 20\/10<\/mark><\/strong><br><\/li>\n<\/ul>\n\n\n\n<ul>\n<li><a href=\"https:\/\/ispef-cat.infd.edu.ar\/sitio\/wp-content\/uploads\/2022\/09\/INTERCAMBIO-ACADEMICO-DEPORTIVO-Y-CULTURAL.-HOCKEY-TORRES.pdf\">Proyecto de Extensi\u00f3n-2022 &#8211; Prof Torres- Hockey<\/a><br><mark style=\"background-color:rgba(0, 0, 0, 0)\" class=\"has-inline-color has-cyan-bluish-gray-color\"><strong>INTERCAMBIO ACAD\u00c9MICO DEPORTIVO Y CULTURAL. HOCKEY- 18,19 y 20\/09<\/strong><\/mark><\/li>\n<\/ul>\n\n\n\n<ul>\n<li><a href=\"https:\/\/ispef-cat.infd.edu.ar\/sitio\/wp-content\/uploads\/2022\/09\/ENTRENAMIENTO-MARATON-ISEF-DR.-GARCIA.pdf\">Proyecto de Extensi\u00f3n-2022 &#8211; Dr.Garcia- Entrenamiento<br><\/a><strong><mark style=\"background-color:rgba(0, 0, 0, 0)\" class=\"has-inline-color has-cyan-bluish-gray-color\">Carrera Conmemoraci\u00f3n\u00a8 D\u00eda de la Educaci\u00f3n F\u00edsica\u00a8- 28\/10<\/mark><\/strong><br><\/li>\n\n\n\n<li><a href=\"https:\/\/ispef-cat.infd.edu.ar\/sitio\/wp-content\/uploads\/2022\/10\/proyecto_escuela_lavina.pdf\">Proyecto de Extensi\u00f3n-2022 &#8211; Mendoza Rivas, M. Gabriela- Pr\u00e1ctica Docente I<br><\/a>\u00ab<strong><mark style=\"background-color:rgba(0, 0, 0, 0)\" class=\"has-inline-color has-cyan-bluish-gray-color\">Educaci\u00f3n F\u00edsica en la ruralidad\u201d- 20\/10<\/mark><\/strong><br><\/li>\n<\/ul>\n","protected":false},"excerpt":{"rendered":"<p>En este espacio se podr\u00e1 encontrar los proyectos de producci\u00f3n de c\u00e1tedra 2022 que se realizan desde la Comunidad ISEF. PROYECTOS DE PRODUCCI\u00d3N DE C\u00c1TEDRA 2022<\/p>\n","protected":false},"author":5583,"featured_media":0,"parent":0,"menu_order":0,"comment_status":"closed","ping_status":"closed","template":"","meta":[],"acf":[],"_links":{"self":[{"href":"https:\/\/ispef-cat.infd.edu.ar\/sitio\/wp-json\/wp\/v2\/pages\/3724"}],"collection":[{"href":"https:\/\/ispef-cat.infd.edu.ar\/sitio\/wp-json\/wp\/v2\/pages"}],"about":[{"href":"https:\/\/ispef-cat.infd.edu.ar\/sitio\/wp-json\/wp\/v2\/types\/page"}],"author":[{"embeddable":true,"href":"https:\/\/ispef-cat.infd.edu.ar\/sitio\/wp-json\/wp\/v2\/users\/5583"}],"replies":[{"embeddable":true,"href":"https:\/\/ispef-cat.infd.edu.ar\/sitio\/wp-json\/wp\/v2\/comments?post=3724"}],"version-history":[{"count":21,"href":"https:\/\/ispef-cat.infd.edu.ar\/sitio\/wp-json\/wp\/v2\/pages\/3724\/revisions"}],"predecessor-version":[{"id":5317,"href":"https:\/\/ispef-cat.infd.edu.ar\/sitio\/wp-json\/wp\/v2\/pages\/3724\/revisions\/5317"}],"wp:attachment":[{"href":"https:\/\/ispef-cat.infd.edu.ar\/sitio\/wp-json\/wp\/v2\/media?parent=3724"}],"curies":[{"name":"wp","href":"https:\/\/api.w.org\/{rel}","templated":true}]}}