{"id":4625,"date":"2023-08-16T12:19:26","date_gmt":"2023-08-16T15:19:26","guid":{"rendered":"https:\/\/ispef-cat.infd.edu.ar\/sitio\/?page_id=4625"},"modified":"2024-08-31T10:47:12","modified_gmt":"2024-08-31T13:47:12","slug":"ppc-2023","status":"publish","type":"page","link":"https:\/\/ispef-cat.infd.edu.ar\/sitio\/ppc-2023\/","title":{"rendered":"PPC 2023"},"content":{"rendered":"\n<figure class=\"wp-block-image\"><a href=\"https:\/\/ispef-cat.infd.edu.ar\/sitio\/\"><img decoding=\"async\" src=\"https:\/\/ispef-cat.infd.edu.ar\/sitio\/wp-content\/uploads\/2022\/03\/Instituto-Superior-de-Efucacion-Fisica-1640-%C3%97-300-px-1.png\" alt=\"\" class=\"wp-image-2757\"\/><\/a><\/figure>\n\n\n\n<p><\/p>\n\n\n\n<div class=\"wp-block-cover is-light\" style=\"min-height:368px\"><span aria-hidden=\"true\" class=\"wp-block-cover__background has-background-dim\"><\/span><img decoding=\"async\" loading=\"lazy\" width=\"906\" height=\"518\" class=\"wp-block-cover__image-background wp-image-3725\" alt=\"\" src=\"https:\/\/ispef-cat.infd.edu.ar\/sitio\/wp-content\/uploads\/2022\/07\/FONDO-PROYECTO.jpg\" style=\"object-position:44% 80%\" data-object-fit=\"cover\" data-object-position=\"44% 80%\" srcset=\"https:\/\/ispef-cat.infd.edu.ar\/sitio\/wp-content\/uploads\/2022\/07\/FONDO-PROYECTO.jpg 906w, https:\/\/ispef-cat.infd.edu.ar\/sitio\/wp-content\/uploads\/2022\/07\/FONDO-PROYECTO-768x439.jpg 768w\" sizes=\"(max-width: 906px) 100vw, 906px\" \/><div class=\"wp-block-cover__inner-container\">\n<p class=\"has-text-align-left has-base-3-color has-text-color has-large-font-size\"><strong>PROYECTOS DE PRODUCCI\u00d3N DE C\u00c1TEDRA<\/strong> 2023<\/p>\n<\/div><\/div>\n\n\n\n<p>En este espacio se podr\u00e1 encontrar los<strong>\u00a0proyectos de producci\u00f3n de c\u00e1tedra<\/strong>\u00a0<strong>2023\u00a0<\/strong>que se realizan desde la Comunidad ISEF.<\/p>\n\n\n\n<div class=\"wp-block-columns is-layout-flex wp-container-4\">\n<div class=\"wp-block-column is-layout-flow\" style=\"flex-basis:66.66%\"><div class=\"wp-block-image\">\n<figure class=\"alignright size-large\"><a href=\"https:\/\/ispef-cat.infd.edu.ar\/sitio\/wp-content\/uploads\/2022\/06\/FORMULARIO-PRYECTO-DE-EXTENSION-1.pdf\"><img decoding=\"async\" loading=\"lazy\" width=\"1640\" height=\"300\" src=\"https:\/\/ispef-cat.infd.edu.ar\/sitio\/wp-content\/uploads\/2022\/07\/Instituto-Superior-de-Efucacion-Fisica-1640-\u00d7-300-px-2.gif\" alt=\"\" class=\"wp-image-3745\"\/><\/a><\/figure><\/div><\/div>\n\n\n\n<div class=\"wp-block-column is-layout-flow\" style=\"flex-basis:33.33%\">\n<div class=\"wp-block-buttons is-layout-flex\">\n<div class=\"wp-block-button\"><a class=\"wp-block-button__link has-vivid-cyan-blue-to-vivid-purple-gradient-background has-background wp-element-button\" href=\"https:\/\/drive.google.com\/file\/d\/1z70-pUKdVRp7kDo_8xRLDjXn3FcEJ0Kj\/view?usp=sharing\"><strong>FORMULACI\u00d3N DE PROYECTOS DE EXTENSI\u00d3N<\/strong><\/a><\/div>\n\n\n\n<div class=\"wp-block-button\"><a class=\"wp-block-button__link has-vivid-cyan-blue-to-vivid-purple-gradient-background has-background wp-element-button\" href=\"https:\/\/docs.google.com\/document\/d\/1u5ZEPR5dg5aXF6lpKNraSfZCOPci9Rhp\/edit?usp=sharing&amp;ouid=112739399767646840012&amp;rtpof=true&amp;sd=true\"><strong>FORMATO DE EXPERIENCIAS DE EXPERIENCIAS PEDAG\u00d3GICAS<\/strong><\/a><\/div>\n<\/div>\n<\/div>\n<\/div>\n\n\n\n<h4 class=\"wp-block-heading has-accent-color has-base-3-background-color has-text-color has-background\"><strong><strong>PROYECTOS DE PRODUCCI\u00d3N DE C\u00c1TEDRA<\/strong>\u00a0202<\/strong>3<\/h4>\n\n\n\n<ul>\n<li>PPC 2023 \u2013 Sujeto de la Educaci\u00f3n I y Juego y recreaci\u00f3n<br><strong>\u201cCELEBRANDO LA NI\u00d1EZ A TRAV\u00c9S DEL JUEGO\u201d<\/strong><\/li>\n<\/ul>\n\n\n\n<ul>\n<li>PPC 2023 \u2013<a href=\"https:\/\/ispef-cat.infd.edu.ar\/sitio\/wp-content\/uploads\/2022\/07\/Informe-de-Proyecto-Extension-2022-Prof.-Monica-Salas.pdf\"> <\/a>Hockey<br><strong>\u201cINVITADO ESPECIAL- ARBITRO NACIONAL DE HOCKEY\u201d<\/strong><\/li>\n<\/ul>\n\n\n\n<ul>\n<li>PPC 2023  \u2013 Juego y Recreaci\u00f3n<br><strong>\u201cLa Sensibilizaci\u00f3n como punto de partida para la inclusi\u00f3n de PCD\u201d<\/strong><\/li>\n<\/ul>\n\n\n\n<ul>\n<li>PPC 2023  \u2013  Vida en la Naturaleza<br><strong>\u201cEL D\u00cdA NACIONAL DE LA CONCIENTIZACI\u00d3N DE MEDIO AMBIENTE\u201d<br><\/strong><\/li>\n\n\n\n<li>PPC 2023 \u2013 Juego y Recreaci\u00f3n<br>\u00ab<strong>EL CANCIONERO Y LA RECREACI\u00d3N<\/strong>\u00ab<\/li>\n<\/ul>\n\n\n\n<ul>\n<li>PPC 2023 \u2013  Vida en la Naturaleza<br><strong>\u201cVIDA EN LA NATURALEZA EN \u00c1MBITOS ESCOLARES\u201d<\/strong><br><\/li>\n<\/ul>\n\n\n\n<ul>\n<li><a href=\"https:\/\/ispef-cat.infd.edu.ar\/sitio\/wp-content\/uploads\/2023\/07\/PPC-TALLER-DE-ELABORACION-MAT.-DIDAC.-SALAS-MONICA.pdf\">PPC 2023\u2013 Salas, M\u00f3nica &#8211; Pr\u00e1ctica Docente y Residencia III<br><\/a><strong>TALLER DE ELABORACI\u00d3N: \u00abJUEGOS CON MATERIAL RECICLADO\u00bb &#8211; 03\/07<\/strong><br><\/li>\n\n\n\n<li><a href=\"http:\/\/\u201cEL JUEGO UNA INVITACION AL ENCUENTRO\u201d\">PPC 2023 \u2013 Nieva, Anal\u00eda &#8211; Juego y Recreaci\u00f3n <br><\/a><strong>\u201cEL JUEGO UNA INVITACI\u00d3N AL ENCUENTRO\u201d &#8211; FASTA: NIVEL INICIAL &#8211; 30\/06<\/strong><br><\/li>\n\n\n\n<li><a href=\"https:\/\/ispef-cat.infd.edu.ar\/sitio\/wp-content\/uploads\/2023\/07\/PPC-VIDA-EN-LA-NAT-DIA-DEL-ARBOL.-BULACIOS.pdf\">PPC 2023 \u2013 Bulacios, V\u00edctor &#8212; Vida en la Naturaleza<br><\/a><strong>\u201cEL D\u00cdA MUNDIAL DEL \u00c1RBOL\u00bb &#8211; 30\/06<br><\/strong><\/li>\n\n\n\n<li><a href=\"https:\/\/ispef-cat.infd.edu.ar\/sitio\/wp-content\/uploads\/2023\/07\/PPC-VIDA-EN-LA-NAT.-ARTICULAC-IES-POLICIA-DE-CATAMARCA.-BULACIOS-VICTOR.pdf\">PPC 2023 &#8212; <a href=\"https:\/\/ispef-cat.infd.edu.ar\/sitio\/wp-content\/uploads\/2023\/07\/PPC-VIDA-EN-LA-NAT-DIA-DEL-ARBOL.-BULACIOS.pdf\">Bulacios, V\u00edctor<\/a> \u2013 Vida en la Naturaleza<br><\/a><strong>TRABAJO INTER INSTITUCIONAL: ISEF \u2013 IES POLICIA DE CATAMARCA<\/strong> <strong>&#8211; 24\/06<\/strong><br><\/li>\n\n\n\n<li><a href=\"https:\/\/ispef-cat.infd.edu.ar\/sitio\/wp-content\/uploads\/2023\/07\/PPC-PREPARACION-FISICA-ESPECIFICA-DE-FUTBOL-TOLOSA.pdf\">PPC 2023 &#8211;Toloza Daniel<\/a> <a href=\"https:\/\/ispef-cat.infd.edu.ar\/sitio\/wp-content\/uploads\/2023\/07\/PPC-PREPARACION-FISICA-ESPECIFICA-DE-FUTBOL-TOLOSA.pdf\">\u2013 F\u00fatbol<br><\/a>\u00ab<strong>PREPARACI\u00d3N F\u00cdSICA ESPECIFICA DE F\u00daTBOL<\/strong>&#8211; <strong>15 y 16\/06<\/strong> <br><\/li>\n\n\n\n<li><a href=\"https:\/\/ispef-cat.infd.edu.ar\/sitio\/wp-content\/uploads\/2023\/07\/PPC-LA-RADIO.-PRACTICA-I.-MENDOZA.pdf\">PPC 2023 &#8211; Mendoza, Gabriela &#8211; Pr\u00e1ctica docente I<br><\/a><strong>Visita radial: \u00abEn el Aire\u00bb &#8211; 15\/06<\/strong><br><\/li>\n\n\n\n<li><a href=\"https:\/\/ispef-cat.infd.edu.ar\/sitio\/wp-content\/uploads\/2023\/07\/PPC-JUEGO-Y-APRENDEIZAJE-TALLER-DE-PRACTICA-IV-.-DIDACTICA-ESP-I-MONICA-SALAS.pdf\">PPC 2023 &#8211; Salas, M\u00f3nica &#8211; Pr\u00e1ctica Docente y Residencia III Nivel Inicial y Primario; Did\u00e1ctica de la Educaci\u00f3n F\u00edsica: Nivel Inicial y Primario.<br><\/a><strong>CONFERENCIA: \u201cJUEGO Y APRENDIZAJE\u201d &#8211; 09\/06<\/strong><br><\/li>\n\n\n\n<li><a href=\"https:\/\/ispef-cat.infd.edu.ar\/sitio\/wp-content\/uploads\/2023\/07\/PPC-LA-EDUCACION-FISICA-DESDE-UN-ENFOQUE-INCLUSIVO-SALAS.pdf\">PPC 2023 &#8211; Salas, M\u00f3nica &#8211; Pr\u00e1ctica Docente y Residencia III ; Did\u00e1ctica II ; Pr\u00e1ctica Docente y Residencia IV . Teor\u00eda de la Educaci\u00f3n F\u00edsica.<\/a><br><strong>\u201cLA EDUCACI\u00d3N F\u00cdSICA DESDE UN ENFOQUE INCLUSIVO\u201d &#8211; 02\/06<\/strong><br><\/li>\n\n\n\n<li><a href=\"https:\/\/ispef-cat.infd.edu.ar\/sitio\/wp-content\/uploads\/2023\/07\/PPC-INTERCAMBIO-ACADEMICO-DEPORTIVO-Y-CULTURAL-BS-AS-TOLOSA-TORRES-SECOMASA.pdf\">PPC 2023 &#8211; Salas, M\u00f3nica- Seco Masa, Carlos; Tolosa, Daniel; Torres, Adriana<br><\/a><strong>\u201cCOMPARTIENDO EXPERIENCIAS\u201d &#8211; 31\/05 al 04\/06 <\/strong><br><\/li>\n\n\n\n<li><a href=\"https:\/\/ispef-cat.infd.edu.ar\/sitio\/wp-content\/uploads\/2023\/07\/PPC-TEJIENDO-REDES-PRACTICA-Y-DIDACTICA-SALS-3-C.pdf\">PPC 2023 &#8211; Salas, M\u00f3nica &#8211; Pr\u00e1ctica Docente y Residencia III Nivel Inicial y Primario; Did\u00e1ctica de la Educaci\u00f3n F\u00edsica: Nivel Inicial y Primario<br><\/a><strong>TEJIENDO REDES PARA APRENDER:\u201cEXPERIENCIAS EN EL NIVEL INICIAL\u201d &#8211; 29\/05<br><\/strong><\/li>\n\n\n\n<li><a href=\"https:\/\/ispef-cat.infd.edu.ar\/sitio\/wp-content\/uploads\/2023\/07\/PPC-EF-ESPECIAL-GOALBALL-NIEVA.pdf\">PPC 2023 &#8211; Nieva, Anal\u00eda &#8211;  Educaci\u00f3n F\u00edsica para la Educaci\u00f3n Especial<br><\/a><strong>EL DEPORTE COMO MEDIO DE INCLUSI\u00d3N : EQUIPO PROVINCIAL DE GOALBALL &#8211; FADEC &#8211; 24\/05<\/strong><br><\/li>\n\n\n\n<li><a href=\"https:\/\/ispef-cat.infd.edu.ar\/sitio\/wp-content\/uploads\/2023\/07\/PPC-EL-JUEGO-UNA-INVITACION-AL-ENCUENTRO-NIEVA.pdf\">PPC 2023 \u2013 Nieva, Anal\u00eda &#8211; Juego y Recreaci\u00f3n<br><\/a><strong>\u201cEL JUEGO UNA INVITACI\u00d3N AL ENCUENTRO\u201d &#8211; JIN N\u00b014 \u2013 FRAY MAMERTO ESQUI\u00da- 23\/05<\/strong><br><\/li>\n\n\n\n<li><a href=\"https:\/\/ispef-cat.infd.edu.ar\/sitio\/wp-content\/uploads\/2023\/07\/PPC-EL-ABORDAJE-DE-LA-PREPARACION-FISICA-DESDE-LA-FORMACION-DOCENTE-DIDACTICA-PRACTICA-III-Y-IV-SALAS.pdf\">PPC 2023 &#8211; Salas, M\u00f3nica &#8211; Pr\u00e1ctica Docente y Residencia III ; Did\u00e1ctica II ; Pr\u00e1ctica Docente y Residencia IV . Teor\u00eda de la Educaci\u00f3n F\u00edsica.<\/a><br>\u00bb <strong>EL ABORDAJE DE LA PREPARACI\u00d3N F\u00cdSICA DESDE LA FORMACI\u00d3N DOCENTE \u00bb &#8211;  28\/04<\/strong><br><\/li>\n\n\n\n<li><a href=\"https:\/\/ispef-cat.infd.edu.ar\/sitio\/wp-content\/uploads\/2023\/07\/PPC-EF-ESPECIAL.-CARTELERIA-NIEVA.pdf\">PPC 2023 \u2013Nieva, Anal\u00eda &#8211;  Educaci\u00f3n F\u00edsica para la Educaci\u00f3n Especial<br><\/a>\u00ab<strong>CONOCER PARA INCLUIR<\/strong>\u00bb &#8211; <strong>abril de 2023<\/strong><br><\/li>\n\n\n\n<li><a href=\"https:\/\/ispef-cat.infd.edu.ar\/sitio\/wp-content\/uploads\/2023\/07\/PPC-EF-ESPECIAL.-CARTELERIA-NIEVA.pdf\">PPC 2023 \u2013Nieva, Anal\u00eda &#8211;  Educaci\u00f3n F\u00edsica para la Educaci\u00f3n Especial<br><\/a>\u00ab<strong>CONOCER PARA INCLUIR<\/strong>\u00bb &#8211; <strong>abril de 2023<\/strong><\/li>\n<\/ul>\n","protected":false},"excerpt":{"rendered":"<p>En este espacio se podr\u00e1 encontrar los\u00a0proyectos de producci\u00f3n de c\u00e1tedra\u00a02023\u00a0que se realizan desde la Comunidad ISEF. PROYECTOS DE PRODUCCI\u00d3N DE C\u00c1TEDRA\u00a02023<\/p>\n","protected":false},"author":5583,"featured_media":0,"parent":0,"menu_order":0,"comment_status":"closed","ping_status":"closed","template":"","meta":[],"acf":[],"_links":{"self":[{"href":"https:\/\/ispef-cat.infd.edu.ar\/sitio\/wp-json\/wp\/v2\/pages\/4625"}],"collection":[{"href":"https:\/\/ispef-cat.infd.edu.ar\/sitio\/wp-json\/wp\/v2\/pages"}],"about":[{"href":"https:\/\/ispef-cat.infd.edu.ar\/sitio\/wp-json\/wp\/v2\/types\/page"}],"author":[{"embeddable":true,"href":"https:\/\/ispef-cat.infd.edu.ar\/sitio\/wp-json\/wp\/v2\/users\/5583"}],"replies":[{"embeddable":true,"href":"https:\/\/ispef-cat.infd.edu.ar\/sitio\/wp-json\/wp\/v2\/comments?post=4625"}],"version-history":[{"count":9,"href":"https:\/\/ispef-cat.infd.edu.ar\/sitio\/wp-json\/wp\/v2\/pages\/4625\/revisions"}],"predecessor-version":[{"id":5324,"href":"https:\/\/ispef-cat.infd.edu.ar\/sitio\/wp-json\/wp\/v2\/pages\/4625\/revisions\/5324"}],"wp:attachment":[{"href":"https:\/\/ispef-cat.infd.edu.ar\/sitio\/wp-json\/wp\/v2\/media?parent=4625"}],"curies":[{"name":"wp","href":"https:\/\/api.w.org\/{rel}","templated":true}]}}